{"id":104,"date":"2010-02-28T15:14:20","date_gmt":"2010-02-28T15:14:20","guid":{"rendered":"http:\/\/treespace.pl\/fundacja\/?page_id=104"},"modified":"2013-04-13T14:41:02","modified_gmt":"2013-04-13T14:41:02","slug":"dzialaj","status":"publish","type":"page","link":"https:\/\/nogawlape.org\/?page_id=104","title":{"rendered":"Dzia\u0142aj"},"content":{"rendered":"<p style=\"text-align: left;\">Zobacz jak mo\u017cesz skutecznie pomaga\u0107 zwierz\u0119tom:<\/p>\n<table>\n<tbody>\n<tr>\n<td width=\"50%\"><a href=\"https:\/\/nogawlape.org\/?page_id=615\"><\/p>\n<p style=\"text-align: center;\"><a href=\"https:\/\/nogawlape.org\/?page_id=104\"><img loading=\"lazy\" decoding=\"async\" class=\"aligncenter\" title=\"zosta\u0144 wolontariuszem\" src=\"https:\/\/nogawlape.org\/wp-content\/uploads\/2010\/02\/zosta\u0144-wolontariuszem-150x150.jpg\" alt=\"\" width=\"88\" height=\"73\" \/><\/a><\/p>\n<p><\/a><a href=\"https:\/\/nogawlape.org\/?page_id=615\"><\/a><\/td>\n<td><a href=\"https:\/\/nogawlape.org\/?page_id=333\"><\/p>\n<p style=\"text-align: center;\"><img loading=\"lazy\" decoding=\"async\" class=\"aligncenter\" title=\"www_23\" src=\"https:\/\/nogawlape.org\/wp-content\/uploads\/2010\/02\/www_23-150x150.jpg\" alt=\"\" width=\"88\" height=\"73\" \/><\/p>\n<p><\/a><a href=\"https:\/\/nogawlape.org\/?page_id=333\"><\/a><\/td>\n<\/tr>\n<tr>\n<td><a href=\"https:\/\/nogawlape.org\/?page_id=615\">WOLONTARIAT<\/a>: Zosta\u0144 wolontariuszem Fundacji i dzia\u0142aj<\/td>\n<td style=\"text-align: center;\"><a href=\"https:\/\/nogawlape.org\/?page_id=333\">DAROWIZNA: <\/a>Przeka\u017c darowizn\u0119 na ratowanie zwierz\u0105t i do\u0142\u0105cz do grupy naszych darczy\u0144c\u00f3w<\/td>\n<\/tr>\n<tr>\n<td style=\"text-align: center;\"><a href=\"https:\/\/nogawlape.org\/?page_id=326\"><img loading=\"lazy\" decoding=\"async\" class=\"aligncenter\" title=\"1procet\" src=\"https:\/\/nogawlape.org\/wp-content\/uploads\/2010\/02\/1procet1.jpg\" alt=\"\" width=\"88\" height=\"73\" \/><\/a><\/td>\n<td style=\"text-align: center;\"><a href=\"https:\/\/nogawlape.org\/wp-content\/uploads\/2010\/02\/www_161.jpg\"><img loading=\"lazy\" decoding=\"async\" class=\"aligncenter\" title=\"www_16\" src=\"https:\/\/nogawlape.org\/wp-content\/uploads\/2010\/02\/www_161-150x150.jpg\" alt=\"\" width=\"88\" height=\"73\" \/><\/a><\/td>\n<\/tr>\n<tr>\n<td style=\"text-align: center;\"><a href=\"https:\/\/nogawlape.org\/?page_id=326\">1% DLA NOGI W \u0141AP\u0118:<\/a> Przeka\u017c sw\u00f3j 1% podatku na akcje dla zwierz\u0105t<\/td>\n<td style=\"text-align: center;\">PROWAD\u0179 \u017bYCIE PRZYJAZNE ZWIERZ\u0118TOM I NASZEJ PLANECIE: twoje codzienne czynno\u015bci mog\u0105 zmienia\u0107 \u015bwiat na lepsze<\/td>\n<\/tr>\n<\/tbody>\n<\/table>\n<p><a href=\"https:\/\/nogawlape.org\/?page_id=615\"><br \/>\n<\/a><\/p>\n<p><a href=\"https:\/\/nogawlape.org\/?page_id=333\"><br \/>\n<\/a><\/p>\n<p><a href=\"https:\/\/nogawlape.org\/?page_id=326\"><br \/>\n<\/a><\/p>\n<p><a href=\"https:\/\/nogawlape.org\/wp-content\/uploads\/2010\/02\/www_161.jpg\"><br \/>\n<\/a><\/p>\n","protected":false},"excerpt":{"rendered":"<p>Zobacz jak mo\u017cesz skutecznie pomaga\u0107 zwierz\u0119tom: WOLONTARIAT: Zosta\u0144 wolontariuszem Fundacji i dzia\u0142aj DAROWIZNA: Przeka\u017c darowizn\u0119 na ratowanie zwierz\u0105t i do\u0142\u0105cz do grupy naszych darczy\u0144c\u00f3w 1% DLA NOGI W \u0141AP\u0118: Przeka\u017c sw\u00f3j 1% podatku na akcje dla zwierz\u0105t PROWAD\u0179 \u017bYCIE PRZYJAZNE ZWIERZ\u0118TOM I NASZEJ PLANECIE: twoje codzienne czynno\u015bci mog\u0105 zmienia\u0107 \u015bwiat na lepsze<\/p>\n","protected":false},"author":1,"featured_media":0,"parent":0,"menu_order":5,"comment_status":"closed","ping_status":"closed","template":"","meta":{"footnotes":""},"_links":{"self":[{"href":"https:\/\/nogawlape.org\/index.php?rest_route=\/wp\/v2\/pages\/104"}],"collection":[{"href":"https:\/\/nogawlape.org\/index.php?rest_route=\/wp\/v2\/pages"}],"about":[{"href":"https:\/\/nogawlape.org\/index.php?rest_route=\/wp\/v2\/types\/page"}],"author":[{"embeddable":true,"href":"https:\/\/nogawlape.org\/index.php?rest_route=\/wp\/v2\/users\/1"}],"replies":[{"embeddable":true,"href":"https:\/\/nogawlape.org\/index.php?rest_route=%2Fwp%2Fv2%2Fcomments&post=104"}],"version-history":[{"count":35,"href":"https:\/\/nogawlape.org\/index.php?rest_route=\/wp\/v2\/pages\/104\/revisions"}],"predecessor-version":[{"id":323,"href":"https:\/\/nogawlape.org\/index.php?rest_route=\/wp\/v2\/pages\/104\/revisions\/323"}],"wp:attachment":[{"href":"https:\/\/nogawlape.org\/index.php?rest_route=%2Fwp%2Fv2%2Fmedia&parent=104"}],"curies":[{"name":"wp","href":"https:\/\/api.w.org\/{rel}","templated":true}]}}