{"id":14,"date":"2010-02-14T17:12:49","date_gmt":"2010-02-14T17:12:49","guid":{"rendered":"http:\/\/treespace.pl\/fundacja\/?page_id=14"},"modified":"2025-12-01T08:11:00","modified_gmt":"2025-12-01T07:11:00","slug":"fundacja","status":"publish","type":"page","link":"https:\/\/nogawlape.org\/?page_id=14","title":{"rendered":"Fundacja"},"content":{"rendered":"<p><em><strong>Fundacja Noga w \u0141ap\u0119 Razem idziemy przez \u015awiat<\/strong><\/em> gromadzi wok\u00f3\u0142 siebie osoby, kt\u00f3re \u0142\u0105czy idea empatii i szacunku dla\u00a0wszystkich istot. Zwierz\u0119ta i ca\u0142a przyroda s\u0105 nam wyj\u0105tkowo bliskie, dlatego wyst\u0119pujemy w ich obronie. Jako jedyna organizacja prowadzimy bardzo trudne interwencje chroni\u0105ce zwierz\u0119ta, kt\u00f3rych \u017cycie nie przedstawia dla og\u00f3\u0142u \u017cadnej warto\u015bci: dzikie ptaki miejskie i ryby. Otaczamy te\u017c opiek\u0105 bezdomne psy i koty: leczymy je, socjalizujemy i znajdujemy im dobre domy. Reprezentujemy interesy zwierz\u0105t w bezprecedensowych sprawach w polskich s\u0105dach. Uczestniczymy w mi\u0119dzynarodowych koalicjach na rzecz powstania unijnej dyrektywy chroni\u0105cej zwierz\u0119ta bezdomne.<\/p>\n<p>Fundacja zosta\u0142a za\u0142o\u017cona w Warszawie przez Magdalen\u0119 Kuropatwi\u0144sk\u0105 (zd. Grzybowsk\u0105) i Renat\u0119 Markowsk\u0105 aktem notarialnym z dnia 17 lutego 2010 roku. <a href=\"https:\/\/nogawlape.org\/wp-content\/uploads\/2010\/02\/Akt-Notarialny.pdf\">Akt Notarialny<\/a><\/p>\n<p>Fundacja po 3 latach dzia\u0142alno\u015bci utworzy\u0142a dom tymczasowy na Pomorzu. Pocz\u0105tkowo powsta\u0142 jeden kojec. Szybko okaza\u0142o si\u0119, \u017ce czasem psy nie mog\u0105 przebywa\u0107 razem wi\u0119c\u00a0 dobudowano drugi \u2013 podw\u00f3jny. Kojce maj\u0105 drewniane pod\u0142ogi, \u017ceby unikn\u0105\u0107 b\u0142ota w deszczow\u0105 pogod\u0119. Boki s\u0105 z ocynkowanych paneli. Pokryte dachem i cz\u0119\u015bciowo os\u0142oni\u0119te p\u0142ytami osb.<\/p>\n<p>Nast\u0119pnie wzros\u0142o zapotrzebowanie na miejsca dla kot\u00f3w, dlatego powsta\u0142a kociarnia. To do\u015b\u0107 \u015bwie\u017cy pomys\u0142, kt\u00f3ry wci\u0105\u017c staramy si\u0119 ulepsza\u0107. W planach jest jeszcze jedno pomieszczenie.<\/p>\n<p>[mudslide:picasa,0,nogawlape,6253830827469517921]<\/p>\n<p><strong>Nazwa<\/strong>: Noga w \u0141ap\u0119. Razem idziemy przez \u015bwiat.<\/p>\n<p><strong>Numer KRS: 0000350788<\/strong><\/p>\n<p><strong>Statut Fundacji: <\/strong><a href=\"https:\/\/nogawlape.org\/wp-content\/uploads\/2025\/12\/FNwL-Statut-Fundacji-20250417-nowy_integral.pdf\">STATUT<\/a><\/p>\n<p><strong>Zarz\u0105d Fundacji:<\/strong><\/p>\n<p>Renata Markowska &#8211; Prezeska Zarz\u0105du<br \/>\nAgnieszka Go\u0142\u0119biowska &#8211; Cz\u0142onkini Zarz\u0105du<br \/>\nMarta Dzyr &#8211; Cz\u0142onkini Zarz\u0105du<\/p>\n<p><strong>Rada Fundacji:<\/strong><\/p>\n<p>Magdalena Dukaczewska<br \/>\nKatarzyna Udrycka-Na\u0142\u0119cz<br \/>\nAnna Depczy\u0144ska<\/p>\n<p><strong>Nadz\u00f3r<\/strong>: Pa\u0144stwowym organem nadzoru nad Fundacj\u0105 jest Minister \u015arodowiska oraz Ministerstwo Pracy i Polityki Spo\u0142ecznej, Departament Po\u017cytku Publicznego.<\/p>\n<p><strong>OPP:<\/strong> Fundacja Noga w \u0141ap\u0119. Razem idziemy przez \u015bwiat uzyska\u0142a status Organizacji Po\u017cytku Publicznego w marcu 2014r.<\/p>\n<p>Fundacja nie prowadzi dzia\u0142alno\u015bci gospodarczej.<\/p>\n","protected":false},"excerpt":{"rendered":"<p>Fundacja Noga w \u0141ap\u0119 Razem idziemy przez \u015awiat gromadzi wok\u00f3\u0142 siebie osoby, kt\u00f3re \u0142\u0105czy idea empatii i szacunku dla\u00a0wszystkich istot. Zwierz\u0119ta i ca\u0142a przyroda s\u0105 nam wyj\u0105tkowo bliskie, dlatego wyst\u0119pujemy w ich obronie. Jako jedyna organizacja prowadzimy bardzo trudne interwencje chroni\u0105ce zwierz\u0119ta, kt\u00f3rych \u017cycie nie przedstawia dla og\u00f3\u0142u \u017cadnej warto\u015bci: dzikie ptaki miejskie i ryby. [&hellip;]<\/p>\n","protected":false},"author":1,"featured_media":0,"parent":0,"menu_order":1,"comment_status":"closed","ping_status":"closed","template":"","meta":{"footnotes":""},"_links":{"self":[{"href":"https:\/\/nogawlape.org\/index.php?rest_route=\/wp\/v2\/pages\/14"}],"collection":[{"href":"https:\/\/nogawlape.org\/index.php?rest_route=\/wp\/v2\/pages"}],"about":[{"href":"https:\/\/nogawlape.org\/index.php?rest_route=\/wp\/v2\/types\/page"}],"author":[{"embeddable":true,"href":"https:\/\/nogawlape.org\/index.php?rest_route=\/wp\/v2\/users\/1"}],"replies":[{"embeddable":true,"href":"https:\/\/nogawlape.org\/index.php?rest_route=%2Fwp%2Fv2%2Fcomments&post=14"}],"version-history":[{"count":39,"href":"https:\/\/nogawlape.org\/index.php?rest_route=\/wp\/v2\/pages\/14\/revisions"}],"predecessor-version":[{"id":4440,"href":"https:\/\/nogawlape.org\/index.php?rest_route=\/wp\/v2\/pages\/14\/revisions\/4440"}],"wp:attachment":[{"href":"https:\/\/nogawlape.org\/index.php?rest_route=%2Fwp%2Fv2%2Fmedia&parent=14"}],"curies":[{"name":"wp","href":"https:\/\/api.w.org\/{rel}","templated":true}]}}