{"id":4,"date":"2010-02-14T16:36:52","date_gmt":"2010-02-14T15:36:52","guid":{"rendered":"http:\/\/treespace.pl\/fundacja\/?page_id=4"},"modified":"2021-10-09T12:14:54","modified_gmt":"2021-10-09T11:14:54","slug":"kampanie","status":"publish","type":"page","link":"https:\/\/nogawlape.org\/?page_id=4","title":{"rendered":"Co robimy"},"content":{"rendered":"<p style=\"text-align: center;\"><em><a href=\"https:\/\/nogawlape.org\/wp-content\/uploads\/2010\/02\/Pow\u0119druj1.bmp\"><a href=\"https:\/\/nogawlape.org\/?page_id=4\"><img loading=\"lazy\" decoding=\"async\" class=\"aligncenter\" style=\"border: 0px;\" title=\"Pow\u0119druj\" src=\"https:\/\/nogawlape.org\/wp-content\/uploads\/2010\/02\/Pow\u0119druj1.bmp\" alt=\"\" width=\"456\" height=\"52\" \/><\/a><\/a><\/em><\/p>\n<p><a href=\"https:\/\/nogawlape.org\/wp-content\/uploads\/2010\/03\/spacer.gif\"><img loading=\"lazy\" decoding=\"async\" class=\"alignnone size-full wp-image-188\" title=\"spacer\" src=\"https:\/\/nogawlape.org\/fundacja\/wp-content\/uploads\/2010\/03\/spacer.gif\" border=\"0\" alt=\"\" width=\"1\" height=\"1\" \/><\/a><\/p>\n<table width=\"600\">\n<tbody>\n<tr>\n<td>\n<h2 style=\"text-align: center;\">Prowadzimy Kampanie<\/h2>\n<p style=\"text-align: center;\"><a href=\"?page_id=577\"><img loading=\"lazy\" decoding=\"async\" class=\"size-full wp-image-1223  aligncenter\" style=\"border: 0pt none;\" title=\"Portret-smutna-200x200\" src=\"https:\/\/nogawlape.org\/wp-content\/uploads\/2010\/02\/Portret-smutna-200x200.jpg\" alt=\"\" width=\"200\" height=\"200\" srcset=\"https:\/\/nogawlape.org\/wp-content\/uploads\/2010\/02\/Portret-smutna-200x200.jpg 200w, https:\/\/nogawlape.org\/wp-content\/uploads\/2010\/02\/Portret-smutna-200x200-150x150.jpg 150w\" sizes=\"(max-width: 200px) 100vw, 200px\" \/><\/a><\/p>\n<\/td>\n<td>\n<h2 style=\"text-align: center;\">Interweniujemy<\/h2>\n<p style=\"text-align: center;\"><a href=\"?cat=14\"><img loading=\"lazy\" decoding=\"async\" class=\"size-medium wp-image-608    aligncenter\" style=\"border: 0px;\" title=\"go\u0142\u0105b uwalnia samiczk\u0119\" src=\"https:\/\/nogawlape.org\/wp-content\/uploads\/2010\/02\/go\u0142\u0105b-uwalnia-samiczk\u0119-300x273.jpg\" alt=\"\" width=\"200\" height=\"200\" \/><\/a><\/p>\n<\/td>\n<\/tr>\n<tr>\n<td>\n<h2 style=\"text-align: center;\">Edukujemy<\/h2>\n<p style=\"text-align: center;\"><a href=\"?page_id=573\"><img loading=\"lazy\" decoding=\"async\" class=\"size-full wp-image-975 aligncenter\" style=\"border: 0px;\" title=\"joasia\" src=\"https:\/\/nogawlape.org\/wp-content\/uploads\/2010\/06\/joasia.jpg\" alt=\"\" width=\"200\" height=\"200\" \/><\/a><\/p>\n<p style=\"text-align: center;\"><a style=\"text-decoration: none;\" href=\"?p=79\"><\/a><\/p>\n<\/td>\n<td>\n<h2 style=\"text-align: center;\">Zbi\u00f3rki<a href=\"https:\/\/nogawlape.org\/?p=1211\"><\/a><\/h2>\n<p style=\"text-align: center;\"><a href=\"https:\/\/nogawlape.org\/?cat=15\"><img loading=\"lazy\" decoding=\"async\" class=\"size-full wp-image-1224 aligncenter\" title=\"kotki-za\u0142ubickie-200x200\" src=\"https:\/\/nogawlape.org\/wp-content\/uploads\/2010\/02\/kotki-za\u0142ubickie-200x200.jpg\" alt=\"\" width=\"200\" height=\"200\" srcset=\"https:\/\/nogawlape.org\/wp-content\/uploads\/2010\/02\/kotki-za\u0142ubickie-200x200.jpg 200w, https:\/\/nogawlape.org\/wp-content\/uploads\/2010\/02\/kotki-za\u0142ubickie-200x200-150x150.jpg 150w\" sizes=\"(max-width: 200px) 100vw, 200px\" \/><\/a><\/p>\n<\/td>\n<\/tr>\n<\/tbody>\n<\/table>\n<p style=\"text-align: left;\"><em>Ka\u017cda droga do \u015bwiata empatii jest pewnie inna , ale wielu z\u00a0nas trafi\u0142o tu w podobny spos\u00f3b.\u00a0Cz\u0119sto zaczyna si\u0119 tak, \u017ce znajdujemy bezdomne, bezradne zwierz\u0119 \u2013 psa lub kota. Niekt\u00f3rzy\u00a0zostaj\u0105 potem wolontariuszami w schronisku\u00a0i poznaj\u0105\u00a0wiele nieszcz\u0119\u015bliwych historii. Zaczynamy zdawa\u0107 sobie spraw\u0119 z tego, jak ogromnym problemem jest bezdomno\u015b\u0107 zwierz\u0105t i \u017ce ca\u0142y system pomocy tym zwierz\u0119tom funkcjonuje w Polsce \u017ale.\u00a0 Zamykane s\u0105 w klatce, w schronisku, kt\u00f3re jest zawsze na uboczu miasta, tak, \u017ceby nie by\u0142o go wida\u0107 i s\u0142ycha\u0107. W ten spos\u00f3b bezdomne zwierz\u0119ta \u2013 niechciane, zapomniane \u2013 spychane s\u0105 na margines publicznej \u015bwiadomo\u015bci.<\/em><\/p>\n<p style=\"text-align: left;\"><em>Potem\u00a0poznajemy ludzi,\u00a0kt\u00f3rzy otwieraj\u0105 nam\u00a0oczy na krzywd\u0119 innych zwierz\u0105t. Dlatego w zesz\u0142ym roku ratowali\u015bmy ptaki, masowo \u017cywcem zamurowywane podczas corocznego ocieplania budynk\u00f3w. Dowiadujemy\u00a0si\u0119 o warunkach \u017cycia zwierz\u0105t hodowlanych i poznajemy machin\u0119, kt\u00f3ra sprawia, \u017ce\u00a0 ludzie przestali \u0142\u0105czy\u0107 \u017cyw\u0105 istot\u0119 z le\u017c\u0105cym na p\u00f3\u0142kach produktem.<\/em><\/p>\n<p style=\"text-align: left;\"><em>Dostrzegamy, jak straszne i niepowetowane szkody czyni nasza cywilizacja w \u015bwiecie przyrody. Zaczynamy mie\u0107 \u015bwiadomo\u015b\u0107, \u017ce nasze codzienne wybory \u2013 spos\u00f3b \u017cycia \u2013 maj\u0105 powa\u017cny wp\u0142yw na zdrowie \u015brodowiska Ziemi i sytuacj\u0119 wszystkich zamieszkuj\u0105cych j\u0105 stworze\u0144.<\/em><\/p>\n<p style=\"text-align: left;\"><em>Pojawia si\u0119 pragnienie, by pow\u0119drowa\u0107 NOGA W \u0141AP\u0118\u2026<\/em><em> <\/em><\/p>\n<p style=\"text-align: left;\">\n","protected":false},"excerpt":{"rendered":"<p>Prowadzimy Kampanie Interweniujemy Edukujemy Zbi\u00f3rki Ka\u017cda droga do \u015bwiata empatii jest pewnie inna , ale wielu z\u00a0nas trafi\u0142o tu w podobny spos\u00f3b.\u00a0Cz\u0119sto zaczyna si\u0119 tak, \u017ce znajdujemy bezdomne, bezradne zwierz\u0119 \u2013 psa lub kota. Niekt\u00f3rzy\u00a0zostaj\u0105 potem wolontariuszami w schronisku\u00a0i poznaj\u0105\u00a0wiele nieszcz\u0119\u015bliwych historii. Zaczynamy zdawa\u0107 sobie spraw\u0119 z tego, jak ogromnym problemem jest bezdomno\u015b\u0107 zwierz\u0105t i [&hellip;]<\/p>\n","protected":false},"author":1,"featured_media":0,"parent":0,"menu_order":3,"comment_status":"closed","ping_status":"closed","template":"","meta":{"footnotes":""},"_links":{"self":[{"href":"https:\/\/nogawlape.org\/index.php?rest_route=\/wp\/v2\/pages\/4"}],"collection":[{"href":"https:\/\/nogawlape.org\/index.php?rest_route=\/wp\/v2\/pages"}],"about":[{"href":"https:\/\/nogawlape.org\/index.php?rest_route=\/wp\/v2\/types\/page"}],"author":[{"embeddable":true,"href":"https:\/\/nogawlape.org\/index.php?rest_route=\/wp\/v2\/users\/1"}],"replies":[{"embeddable":true,"href":"https:\/\/nogawlape.org\/index.php?rest_route=%2Fwp%2Fv2%2Fcomments&post=4"}],"version-history":[{"count":58,"href":"https:\/\/nogawlape.org\/index.php?rest_route=\/wp\/v2\/pages\/4\/revisions"}],"predecessor-version":[{"id":507,"href":"https:\/\/nogawlape.org\/index.php?rest_route=\/wp\/v2\/pages\/4\/revisions\/507"}],"wp:attachment":[{"href":"https:\/\/nogawlape.org\/index.php?rest_route=%2Fwp%2Fv2%2Fmedia&parent=4"}],"curies":[{"name":"wp","href":"https:\/\/api.w.org\/{rel}","templated":true}]}}