{"id":405,"date":"2010-03-21T16:26:25","date_gmt":"2010-03-21T16:26:25","guid":{"rendered":"https:\/\/nogawlape.org\/?page_id=405"},"modified":"2013-04-20T11:55:44","modified_gmt":"2013-04-20T11:55:44","slug":"nasze-publikacje","status":"publish","type":"page","link":"https:\/\/nogawlape.org\/?page_id=405","title":{"rendered":"Nasze publikacje"},"content":{"rendered":"<p><a href=\"https:\/\/nogawlape.org\/?p=2436\">Niech \u017cyj\u0105!<\/a><\/p>\n<p><a href=\"https:\/\/nogawlape.org\/wp-content\/uploads\/2010\/03\/Jaki\u015b-pies-czeka.doc\">Jaki\u015b pies czeka<\/a><\/p>\n<p><a href=\"https:\/\/nogawlape.org\/wp-content\/uploads\/2010\/03\/Czy-dolec\u0105.doc\">Czy dolec\u0105<\/a><\/p>\n<p><a href=\"https:\/\/nogawlape.org\/wp-content\/uploads\/2010\/03\/Szansa-na-\u017cycie.doc\">Szansa na \u017cycie<\/a><\/p>\n<p><a href=\"https:\/\/nogawlape.org\/wp-content\/uploads\/2010\/03\/Na-moim-podw\u00f3rku-blues.doc\">Na moim podw\u00f3rku blues<\/a><\/p>\n<p><a href=\"https:\/\/nogawlape.org\/?p=1925\">Czym jest zwierz\u0119<\/a><\/p>\n<p><a href=\"https:\/\/nogawlape.org\/?p=1907\">Warszawskie soko\u0142y w\u0119drowne<\/a><\/p>\n<p><a href=\"https:\/\/nogawlape.org\/?p=1974\">Okrutna Tradycja<\/a><\/p>\n<p><a href=\"https:\/\/nogawlape.org\/?p=2175\">Gust na wrony<\/a><\/p>\n<p><a href=\"https:\/\/nogawlape.org\/?p=2172\">Gapa?!<\/a><\/p>\n","protected":false},"excerpt":{"rendered":"<p>Niech \u017cyj\u0105! Jaki\u015b pies czeka Czy dolec\u0105 Szansa na \u017cycie Na moim podw\u00f3rku blues Czym jest zwierz\u0119 Warszawskie soko\u0142y w\u0119drowne Okrutna Tradycja Gust na wrony Gapa?!<\/p>\n","protected":false},"author":2,"featured_media":0,"parent":96,"menu_order":0,"comment_status":"closed","ping_status":"closed","template":"","meta":{"footnotes":""},"_links":{"self":[{"href":"https:\/\/nogawlape.org\/index.php?rest_route=\/wp\/v2\/pages\/405"}],"collection":[{"href":"https:\/\/nogawlape.org\/index.php?rest_route=\/wp\/v2\/pages"}],"about":[{"href":"https:\/\/nogawlape.org\/index.php?rest_route=\/wp\/v2\/types\/page"}],"author":[{"embeddable":true,"href":"https:\/\/nogawlape.org\/index.php?rest_route=\/wp\/v2\/users\/2"}],"replies":[{"embeddable":true,"href":"https:\/\/nogawlape.org\/index.php?rest_route=%2Fwp%2Fv2%2Fcomments&post=405"}],"version-history":[{"count":12,"href":"https:\/\/nogawlape.org\/index.php?rest_route=\/wp\/v2\/pages\/405\/revisions"}],"predecessor-version":[{"id":2544,"href":"https:\/\/nogawlape.org\/index.php?rest_route=\/wp\/v2\/pages\/405\/revisions\/2544"}],"up":[{"embeddable":true,"href":"https:\/\/nogawlape.org\/index.php?rest_route=\/wp\/v2\/pages\/96"}],"wp:attachment":[{"href":"https:\/\/nogawlape.org\/index.php?rest_route=%2Fwp%2Fv2%2Fmedia&parent=405"}],"curies":[{"name":"wp","href":"https:\/\/api.w.org\/{rel}","templated":true}]}}